e
Is 32 a factor of 768?
True
Does 13 divide 52?
True
Is 3332 a multiple of 2?
True
Is 6 a factor of 396?
True
Is 28462 a multiple of 172?
False
Does 179 divide 2278?
False
Is 788 a multiple of 15?
False
Is 43 a factor of 17738?
False
Is 6828 a multiple of 12?
True
Does 25 divide 7780?
False
Is 112 a multiple of 16?
True
Does 26 divide 624?
True
Is 95 a factor of 15947?
False
Is 1485 a multiple of 33?
True
Is 13 a factor of 481?
True
Is 27 a factor of 778?
False
Is 201 a multiple of 24?
False
Is 1127 a multiple of 9?
False
Is 10030 a multiple of 10?
True
Is 6516 a multiple of 9?
True
Is 11 a factor of 39912?
False
Is 4320 a multiple of 27?
True
Does 41 divide 410?
True
Is 57 a factor of 2005?
False
Is 14 a factor of 8185?
False
Does 20 divide 1039?
False
Does 106 divide 28395?
False
Is 18 a factor of 1470?
False
Is 4 a factor of 4661?
False
Is 19 a factor of 6061?
True
Does 14 divide 47978?
True
Is 24 a factor of 2544?
True
Is 5 a factor of 230?
True
Is 78 a factor of 3588?
True
Does 6 divide 192?
True
Is 3082 a multiple of 47?
False
Is 30 a multiple of 5?
True
Does 38 divide 3686?
True
Does 6 divide 29490?
True
Is 3604 a multiple of 7?
False
Does 130 divide 6240?
True
Is 16416 a multiple of 219?
False
Is 2488 a multiple of 14?
False
Is 130 a multiple of 10?
True
Does 26 divide 31278?
True
Is 24 a factor of 14472?
True
Is 177 a factor of 10099?
False
Is 36916 a multiple of 75?
False
Is 87 a factor of 11221?
False
Is 4 a factor of 408?
True
Is 11 a factor of 89?
False
Does 28 divide 143?
False
Does 13 divide 585?
True
Does 155 divide 7595?
True
Does 22 divide 25674?
True
Is 5 a factor of 245?
True
Does 11 divide 13365?
True
Is 89 a multiple of 36?
False
Is 15355 a multiple of 5?
True
Is 50 a factor of 4200?
True
Is 72 a multiple of 9?
True
Is 16 a factor of 1360?
True
Is 1092 a multiple of 13?
True
Is 12 a factor of 2046?
False
Is 17 a multiple of 7?
False
Does 10 divide 150?
True
Does 24 divide 17602?
False
Is 6353 a multiple of 11?
False
Is 8298 a multiple of 18?
True
Does 179 divide 10024?
True
Does 97 divide 3007?
True
Does 30 divide 312?
False
Is 87628 a multiple of 38?
True
Does 25 divide 1050?
True
Does 10 divide 143?
False
Is 7 a factor of 7088?
False
Is 19895 a multiple of 173?
True
Is 15 a factor of 2430?
True
Is 1040 a multiple of 15?
False
Does 20 divide 869?
False
Is 68805 a multiple of 99?
True
Is 1603 a multiple of 30?
False
Is 11532 a multiple of 112?
False
Does 44 divide 5491?
False
Is 180 a multiple of 12?
True
Does 5 divide 177?
False
Is 31932 a multiple of 18?
True
Is 18 a factor of 1211?
False
Does 3 divide 218?
False
Is 71 a factor of 15997?
False
Is 9 a factor of 2826?
True
Is 18 a factor of 216?
True
Is 74 a factor of 31722?
False
Is 8 a factor of 16751?
False
Does 47 divide 2115?
True
Is 5952 a multiple of 24?
True
Does 9 divide 389?
False
Is 2931 a multiple of 106?
False
Is 30256 a multiple of 61?
True
Does 15 divide 825?
True
Is 44 a multiple of 18?
False
Does 37 divide 555?
True
Is 59 a multiple of 3?
False
Is 2 a factor of 132?
True
Does 24 divide 110871?
False
Is 510 even?
True
Does 32 divide 3232?
True
Is 2268 a multiple of 18?
True
Is 18731 a multiple of 40?
False
Is 741 a multiple of 39?
True
Is 38511 a multiple of 33?
True
Is 76 a factor of 532?
True
Is 660 a multiple of 5?
True
Does 17 divide 3281?
True
Is 1353 a multiple of 41?
True
Is 16 a factor of 336?
True
Does 43 divide 3397?
True
Is 18 a factor of 6093?
False
Is 14 a factor of 112?
True
Is 49 a factor of 9822?
False
Is 38 a factor of 37202?
True
Does 11 divide 957?
True
Is 17815 a multiple of 164?
False
Is 2548 a multiple of 25?
False
Is 1211 a multiple of 83?
False
Is 40 a factor of 4389?
False
Is 21 a factor of 12170?
False
Does 9 divide 12420?
True
Is 5244 a multiple of 26?
False
Does 17 divide 1670?
False
Is 3 a factor of 16719?
True
Is 11 a factor of 718?
False
Is 28 a factor of 616?
True
Is 13 a factor of 21424?
True
Does 43 divide 1197?
False
Is 1344 a multiple of 3?
True
Does 13 divide 90?
False
Is 9600 a multiple of 24?
True
Is 46 a factor of 1748?
True
Is 11 a factor of 3389?
False
Does 2 divide 345?
False
Does 139 divide 10008?
True
Is 23 a factor of 40683?
False
Is 6290 a multiple of 23?
False
Is 91 a multiple of 7?
True
Is 22434 a multiple of 216?
False
Is 1368 a multiple of 9?
True
Is 496 a multiple of 13?
False
Is 81 a multiple of 4?
False
Is 139 a factor of 3603?
False
Is 832 a multiple of 16?
True
Does 32 divide 1733?
False
Is 3 a factor of 820?
False
Does 33 divide 800?
False
Is 5 a factor of 342?
False
Does 14 divide 14140?
True
Is 60 a factor of 1380?
True
Does 13 divide 1358?
False
Is 123 a factor of 14898?
False
Is 6 a factor of 22763?
False
Does 9 divide 985?
False
Is 542 a multiple of 11?
False
Is 125 a multiple of 7?
False
Is 1496 a multiple of 7?
False
Is 2 a factor of 3831?
False
Does 9 divide 1395?
True
Does 21 divide 2006?
False
Does 10 divide 10145?
False
Is 4320 a multiple of 80?
True
Is 30 a factor of 8400?
True
Is 16 a factor of 80?
True
Does 83 divide 415?
True
Is 17 a factor of 75446?
True
Is 20 a factor of 480?
True
Is 20 a factor of 40?
True
Is 3892 a multiple of 14?
True
Is 10 a factor of 6327?
False
Is 7622 a multiple of 103?
True
Is 9977 a multiple of 2?
False
Is 391 a factor of 6546?
False
Is 27 a factor of 1726?
False
Does 29 divide 11310?
True
Is 37944 a multiple of 69?
False
Is 79 a factor of 2097?
False
Is 3345 a multiple of 15?
True
Is 10254 a multiple of 38?
False
Does 6 divide 342?
True
Is 2513 a multiple of 25?
False
Does 5 divide 19013?
False
Does 29 divide 37861?
False
Is 3864 a multiple of 138?
True
Does 2 divide 307?
False
Does 131 divide 20305?
True
Does 88 divide 19803?
False
Is 759 a multiple of 10?
False
Is 11 a factor of 55?
True
Is 126 a multiple of 6?
True
Is 1890 a multiple of 33?
False
Does 39 divide 4680?
True
Is 8 a factor of 7521?
False
Is 180 a factor of 7380?
True
Is 9601 a multiple of 2?
False
Does 4 divide 47?
False
Is 486 a multiple of 44?
False
Is 654 a multiple of 8?
False
Does 7 divide 1499?
False
Is 5 a factor of 79?
False
Is 13 a factor of 3961?
False
Is 217 a factor of 7378?
True
Is 134 a factor of 1072?
True
Is 5 a factor of 695?
True
Does 17 divide 544?
True
Is 7822 a multiple of 20?
False
Is 3370 a multiple of 3?
False
Is 15 a factor of 144945?
True
Is 2 a factor of 11?
False
Is 14 a factor of 121?
False
Is 11 a factor of 776?
False
Is 2 a factor of 438?
True
Is 28 a factor of 18482?
False
Is 290 a multiple of 29?
True
Does 24 divide 13239?
False
Is 597 a multiple of 21?
False
Is 2 a factor of 9597?
False
Is 1550 a multiple of 5?
True
Is 109 a factor of 15216?
False
Is 7 a factor of 467?
False
Is 94 a multiple of 77?
False
Does 4 divide 7391?
False
Is 4 a factor of 2416?
True
Is 3561 a multiple of 2?
False
Is 3654 a multiple of 21?
True
Is 4 a factor of 32162?
False
Is 16 a factor of 3948?
False
Is 26 a factor of 1716?
True
Does 17 divide 1574?
False
Does 101 divide 17574?
True
Is 38 a factor of 1520?
True
Is 16 a factor of 44482?
False
Is 41146 a multiple of 14?
True
Does 16 divide 8889?
False
Is 4 a factor of 4188?
True
Does 14 divide 5166?
True
Does 175 divide 51883?
False
Is 10 a factor of 1880?
True
Is 14 a factor of 224?
True
Is 29412 a multiple of 171?
True
Is 8 a factor of 32419?
False
Does 20 divide 1031?
False
Does 6 divide 690?
True
Is 22 a factor of 948?
False
Is 20 a factor of 742?
False
Is 65 a multiple of 25?
False
Does 8 divide 16?
True
Is 471 a multiple of 28?
False
Is 386 a factor of 19996?
False
Does 48 divide 10701?
False
Does 12 divide 12840?
True
Does 8 divide 42312?
True
Is 172 a factor of 24596?
True
Is 714 a multiple of 19?
False
Is 55 a factor of 414?
False
Is 494 a multiple of 5?
False
Is 31 a factor of 204?
False
Does 18 divide 1494?
True
Does 4 divide 12?
True
Does 35 divide 8123?
False
Does 17 divide 13537?
False
Is 100 a factor of 650?
False
Is 112 a factor of 11312?
True
Is 11 a factor of 130?
False
Is 8 a factor of 1142?
False
Is 25 a factor of 12375?
True
Is 12 a factor of 10428?
True
Is 7 a factor of 44?
False
Does 38 divide 46588?
True
Does 14 divide 3841?
False
Is 15 a factor of 3241?
False
Is 447 even?
False
Is 1718 a multiple of 96?
False
Does 13 divide 2926?
False
Is 8 a factor of 1584?
True
Is 17 a factor of 1856?
False
Is 16 a fa